{"id":702,"date":"2025-12-10T13:27:07","date_gmt":"2025-12-10T13:27:07","guid":{"rendered":"http:\/\/wordpress1.imm.net\/?post_type=product&#038;p=702"},"modified":"2025-12-10T13:27:07","modified_gmt":"2025-12-10T13:27:07","slug":"planta-electrica-dgr1201s","status":"publish","type":"product","link":"https:\/\/ducatigarden.co\/?product=planta-electrica-dgr1201s","title":{"rendered":"Planta El\u00e9ctrica DGR1201S"},"content":{"rendered":"","protected":false},"excerpt":{"rendered":"<h3 class=\"sppb-addon-title\">Caracter\u00edsticas<\/h3>\n<div class=\"sppb-addon-content\">\n<ul>\n<li>Voltaje: 110V<\/li>\n<li>Potencia m\u00e1xima: 1,1 Kw<\/li>\n<li>Potencia continua: 1,1 Kw<\/li>\n<li>Corriente: 9 A<\/li>\n<li>Frecuencia: 60 Hz<\/li>\n<li>Regulaci\u00f3n: AVR<\/li>\n<li>Potencia: 2,9 Hp<\/li>\n<li>Tipo de combustible: Gasolina<\/li>\n<li>Capacidad del tanque: 6 Lt<\/li>\n<li>Consumo de combustible aprox.: 290 g\/Kw*h<\/li>\n<li>Refrigeraci\u00f3n: Aire<\/li>\n<li>Sistema de arranque: Ret\u00e1ctil Manual<\/li>\n<li>Dimensiones<\/li>\n<li>Medidas (Alto x Largo x Ancho): 38,5 cm x 46,0 cm x 38,0 cm<\/li>\n<li>Peso: 27,5 Kg<\/li>\n<\/ul>\n<\/div>\n","protected":false},"featured_media":703,"comment_status":"open","ping_status":"closed","template":"","meta":{"_eb_attr":"","_kad_post_transparent":"default","_kad_post_title":"","_kad_post_layout":"default","_kad_post_sidebar_id":"","_kad_post_content_style":"default","_kad_post_vertical_padding":"default","_kad_post_feature":"","_kad_post_feature_position":"","_kad_post_header":false,"_kad_post_footer":false,"_kad_post_classname":""},"product_brand":[],"product_cat":[26],"product_tag":[],"class_list":{"0":"post-702","1":"product","2":"type-product","3":"status-publish","4":"has-post-thumbnail","6":"product_cat-plantas-electricas","8":"first","9":"instock","10":"shipping-taxable","11":"product-type-simple","12":"entry","13":"content-bg","14":"loop-entry"},"yoast_head":"<!-- This site is optimized with the Yoast SEO plugin v26.3 - https:\/\/yoast.com\/wordpress\/plugins\/seo\/ -->\n<title>Planta El\u00e9ctrica DGR1201S - Ducati<\/title>\n<meta name=\"robots\" content=\"index, follow, max-snippet:-1, max-image-preview:large, max-video-preview:-1\" \/>\n<link rel=\"canonical\" href=\"https:\/\/ducatigarden.co\/?product=planta-electrica-dgr1201s\" \/>\n<meta property=\"og:locale\" content=\"es_ES\" \/>\n<meta property=\"og:type\" content=\"article\" \/>\n<meta property=\"og:title\" content=\"Planta El\u00e9ctrica DGR1201S - Ducati\" \/>\n<meta property=\"og:description\" content=\"Caracter\u00edsticas    Voltaje: 110V  Potencia m\u00e1xima: 1,1 Kw  Potencia continua: 1,1 Kw  Corriente: 9 A  Frecuencia: 60 Hz  Regulaci\u00f3n: AVR  Potencia: 2,9 Hp  Tipo de combustible: Gasolina  Capacidad del tanque: 6 Lt  Consumo de combustible aprox.: 290 g\/Kw*h  Refrigeraci\u00f3n: Aire  Sistema de arranque: Ret\u00e1ctil Manual  Dimensiones  Medidas (Alto x Largo x Ancho): 38,5 cm x 46,0 cm x 38,0 cm  Peso: 27,5 Kg\" \/>\n<meta property=\"og:url\" content=\"https:\/\/ducatigarden.co\/?product=planta-electrica-dgr1201s\" \/>\n<meta property=\"og:site_name\" content=\"Ducati\" \/>\n<meta property=\"og:image\" content=\"https:\/\/ducatigarden.co\/wp-content\/uploads\/2025\/12\/620466077c427f141effa294382f5fba_M.jpg\" \/>\n\t<meta property=\"og:image:width\" content=\"300\" \/>\n\t<meta property=\"og:image:height\" content=\"390\" \/>\n\t<meta property=\"og:image:type\" content=\"image\/jpeg\" \/>\n<meta name=\"twitter:card\" content=\"summary_large_image\" \/>\n<meta name=\"twitter:label1\" content=\"Tiempo de lectura\" \/>\n\t<meta name=\"twitter:data1\" content=\"1 minuto\" \/>\n<script type=\"application\/ld+json\" class=\"yoast-schema-graph\">{\"@context\":\"https:\/\/schema.org\",\"@graph\":[{\"@type\":\"WebPage\",\"@id\":\"https:\/\/ducatigarden.co\/?product=planta-electrica-dgr1201s\",\"url\":\"https:\/\/ducatigarden.co\/?product=planta-electrica-dgr1201s\",\"name\":\"Planta El\u00e9ctrica DGR1201S - Ducati\",\"isPartOf\":{\"@id\":\"https:\/\/ducatigarden.co\/#website\"},\"primaryImageOfPage\":{\"@id\":\"https:\/\/ducatigarden.co\/?product=planta-electrica-dgr1201s#primaryimage\"},\"image\":{\"@id\":\"https:\/\/ducatigarden.co\/?product=planta-electrica-dgr1201s#primaryimage\"},\"thumbnailUrl\":\"https:\/\/ducatigarden.co\/wp-content\/uploads\/2025\/12\/620466077c427f141effa294382f5fba_M.jpg\",\"datePublished\":\"2025-12-10T13:27:07+00:00\",\"breadcrumb\":{\"@id\":\"https:\/\/ducatigarden.co\/?product=planta-electrica-dgr1201s#breadcrumb\"},\"inLanguage\":\"es-CO\",\"potentialAction\":[{\"@type\":\"ReadAction\",\"target\":[\"https:\/\/ducatigarden.co\/?product=planta-electrica-dgr1201s\"]}]},{\"@type\":\"ImageObject\",\"inLanguage\":\"es-CO\",\"@id\":\"https:\/\/ducatigarden.co\/?product=planta-electrica-dgr1201s#primaryimage\",\"url\":\"https:\/\/ducatigarden.co\/wp-content\/uploads\/2025\/12\/620466077c427f141effa294382f5fba_M.jpg\",\"contentUrl\":\"https:\/\/ducatigarden.co\/wp-content\/uploads\/2025\/12\/620466077c427f141effa294382f5fba_M.jpg\",\"width\":300,\"height\":390},{\"@type\":\"BreadcrumbList\",\"@id\":\"https:\/\/ducatigarden.co\/?product=planta-electrica-dgr1201s#breadcrumb\",\"itemListElement\":[{\"@type\":\"ListItem\",\"position\":1,\"name\":\"Home\",\"item\":\"https:\/\/ducatigarden.co\/\"},{\"@type\":\"ListItem\",\"position\":2,\"name\":\"Shop\",\"item\":\"https:\/\/ducatigarden.co\/?page_id=24\"},{\"@type\":\"ListItem\",\"position\":3,\"name\":\"Planta El\u00e9ctrica DGR1201S\"}]},{\"@type\":\"WebSite\",\"@id\":\"https:\/\/ducatigarden.co\/#website\",\"url\":\"https:\/\/ducatigarden.co\/\",\"name\":\"Ducati\",\"description\":\"\",\"publisher\":{\"@id\":\"https:\/\/ducatigarden.co\/#organization\"},\"potentialAction\":[{\"@type\":\"SearchAction\",\"target\":{\"@type\":\"EntryPoint\",\"urlTemplate\":\"https:\/\/ducatigarden.co\/?s={search_term_string}\"},\"query-input\":{\"@type\":\"PropertyValueSpecification\",\"valueRequired\":true,\"valueName\":\"search_term_string\"}}],\"inLanguage\":\"es-CO\"},{\"@type\":\"Organization\",\"@id\":\"https:\/\/ducatigarden.co\/#organization\",\"name\":\"Ducati\",\"url\":\"https:\/\/ducatigarden.co\/\",\"logo\":{\"@type\":\"ImageObject\",\"inLanguage\":\"es-CO\",\"@id\":\"https:\/\/ducatigarden.co\/#\/schema\/logo\/image\/\",\"url\":\"https:\/\/ducatigarden.co\/wp-content\/uploads\/2025\/11\/logo-dt.png\",\"contentUrl\":\"https:\/\/ducatigarden.co\/wp-content\/uploads\/2025\/11\/logo-dt.png\",\"width\":599,\"height\":162,\"caption\":\"Ducati\"},\"image\":{\"@id\":\"https:\/\/ducatigarden.co\/#\/schema\/logo\/image\/\"}}]}<\/script>\n<!-- \/ Yoast SEO plugin. -->","yoast_head_json":{"title":"Planta El\u00e9ctrica DGR1201S - Ducati","robots":{"index":"index","follow":"follow","max-snippet":"max-snippet:-1","max-image-preview":"max-image-preview:large","max-video-preview":"max-video-preview:-1"},"canonical":"https:\/\/ducatigarden.co\/?product=planta-electrica-dgr1201s","og_locale":"es_ES","og_type":"article","og_title":"Planta El\u00e9ctrica DGR1201S - Ducati","og_description":"Caracter\u00edsticas    Voltaje: 110V  Potencia m\u00e1xima: 1,1 Kw  Potencia continua: 1,1 Kw  Corriente: 9 A  Frecuencia: 60 Hz  Regulaci\u00f3n: AVR  Potencia: 2,9 Hp  Tipo de combustible: Gasolina  Capacidad del tanque: 6 Lt  Consumo de combustible aprox.: 290 g\/Kw*h  Refrigeraci\u00f3n: Aire  Sistema de arranque: Ret\u00e1ctil Manual  Dimensiones  Medidas (Alto x Largo x Ancho): 38,5 cm x 46,0 cm x 38,0 cm  Peso: 27,5 Kg","og_url":"https:\/\/ducatigarden.co\/?product=planta-electrica-dgr1201s","og_site_name":"Ducati","og_image":[{"width":300,"height":390,"url":"https:\/\/ducatigarden.co\/wp-content\/uploads\/2025\/12\/620466077c427f141effa294382f5fba_M.jpg","type":"image\/jpeg"}],"twitter_card":"summary_large_image","twitter_misc":{"Tiempo de lectura":"1 minuto"},"schema":{"@context":"https:\/\/schema.org","@graph":[{"@type":"WebPage","@id":"https:\/\/ducatigarden.co\/?product=planta-electrica-dgr1201s","url":"https:\/\/ducatigarden.co\/?product=planta-electrica-dgr1201s","name":"Planta El\u00e9ctrica DGR1201S - Ducati","isPartOf":{"@id":"https:\/\/ducatigarden.co\/#website"},"primaryImageOfPage":{"@id":"https:\/\/ducatigarden.co\/?product=planta-electrica-dgr1201s#primaryimage"},"image":{"@id":"https:\/\/ducatigarden.co\/?product=planta-electrica-dgr1201s#primaryimage"},"thumbnailUrl":"https:\/\/ducatigarden.co\/wp-content\/uploads\/2025\/12\/620466077c427f141effa294382f5fba_M.jpg","datePublished":"2025-12-10T13:27:07+00:00","breadcrumb":{"@id":"https:\/\/ducatigarden.co\/?product=planta-electrica-dgr1201s#breadcrumb"},"inLanguage":"es-CO","potentialAction":[{"@type":"ReadAction","target":["https:\/\/ducatigarden.co\/?product=planta-electrica-dgr1201s"]}]},{"@type":"ImageObject","inLanguage":"es-CO","@id":"https:\/\/ducatigarden.co\/?product=planta-electrica-dgr1201s#primaryimage","url":"https:\/\/ducatigarden.co\/wp-content\/uploads\/2025\/12\/620466077c427f141effa294382f5fba_M.jpg","contentUrl":"https:\/\/ducatigarden.co\/wp-content\/uploads\/2025\/12\/620466077c427f141effa294382f5fba_M.jpg","width":300,"height":390},{"@type":"BreadcrumbList","@id":"https:\/\/ducatigarden.co\/?product=planta-electrica-dgr1201s#breadcrumb","itemListElement":[{"@type":"ListItem","position":1,"name":"Home","item":"https:\/\/ducatigarden.co\/"},{"@type":"ListItem","position":2,"name":"Shop","item":"https:\/\/ducatigarden.co\/?page_id=24"},{"@type":"ListItem","position":3,"name":"Planta El\u00e9ctrica DGR1201S"}]},{"@type":"WebSite","@id":"https:\/\/ducatigarden.co\/#website","url":"https:\/\/ducatigarden.co\/","name":"Ducati","description":"","publisher":{"@id":"https:\/\/ducatigarden.co\/#organization"},"potentialAction":[{"@type":"SearchAction","target":{"@type":"EntryPoint","urlTemplate":"https:\/\/ducatigarden.co\/?s={search_term_string}"},"query-input":{"@type":"PropertyValueSpecification","valueRequired":true,"valueName":"search_term_string"}}],"inLanguage":"es-CO"},{"@type":"Organization","@id":"https:\/\/ducatigarden.co\/#organization","name":"Ducati","url":"https:\/\/ducatigarden.co\/","logo":{"@type":"ImageObject","inLanguage":"es-CO","@id":"https:\/\/ducatigarden.co\/#\/schema\/logo\/image\/","url":"https:\/\/ducatigarden.co\/wp-content\/uploads\/2025\/11\/logo-dt.png","contentUrl":"https:\/\/ducatigarden.co\/wp-content\/uploads\/2025\/11\/logo-dt.png","width":599,"height":162,"caption":"Ducati"},"image":{"@id":"https:\/\/ducatigarden.co\/#\/schema\/logo\/image\/"}}]}},"_links":{"self":[{"href":"https:\/\/ducatigarden.co\/index.php?rest_route=\/wp\/v2\/product\/702","targetHints":{"allow":["GET"]}}],"collection":[{"href":"https:\/\/ducatigarden.co\/index.php?rest_route=\/wp\/v2\/product"}],"about":[{"href":"https:\/\/ducatigarden.co\/index.php?rest_route=\/wp\/v2\/types\/product"}],"replies":[{"embeddable":true,"href":"https:\/\/ducatigarden.co\/index.php?rest_route=%2Fwp%2Fv2%2Fcomments&post=702"}],"wp:featuredmedia":[{"embeddable":true,"href":"https:\/\/ducatigarden.co\/index.php?rest_route=\/wp\/v2\/media\/703"}],"wp:attachment":[{"href":"https:\/\/ducatigarden.co\/index.php?rest_route=%2Fwp%2Fv2%2Fmedia&parent=702"}],"wp:term":[{"taxonomy":"product_brand","embeddable":true,"href":"https:\/\/ducatigarden.co\/index.php?rest_route=%2Fwp%2Fv2%2Fproduct_brand&post=702"},{"taxonomy":"product_cat","embeddable":true,"href":"https:\/\/ducatigarden.co\/index.php?rest_route=%2Fwp%2Fv2%2Fproduct_cat&post=702"},{"taxonomy":"product_tag","embeddable":true,"href":"https:\/\/ducatigarden.co\/index.php?rest_route=%2Fwp%2Fv2%2Fproduct_tag&post=702"}],"curies":[{"name":"wp","href":"https:\/\/api.w.org\/{rel}","templated":true}]}}