{"id":470,"date":"2025-12-04T15:10:52","date_gmt":"2025-12-04T15:10:52","guid":{"rendered":"http:\/\/wordpress1.imm.net\/?post_type=product&#038;p=470"},"modified":"2025-12-04T15:13:59","modified_gmt":"2025-12-04T15:13:59","slug":"guadana-dbc5201ts","status":"publish","type":"product","link":"https:\/\/ducatigarden.co\/?product=guadana-dbc5201ts","title":{"rendered":"Guada\u00f1a &#8211; DBC5201TS"},"content":{"rendered":"","protected":false},"excerpt":{"rendered":"<h3 class=\"sppb-addon-title\">Caracter\u00edsticas<\/h3>\n<div class=\"sppb-addon-content\">\n<ul>\n<li>Motor: 2 tiempos.<\/li>\n<li>Arranque: Manual<\/li>\n<li>Cilindrada: 51.7cc<\/li>\n<li>Potencia: 1,45 Kw \/ 1,95 CV<\/li>\n<li>hilo: 2,4 mm<\/li>\n<li>Ancho de corte hilo: 420 mm<\/li>\n<li>Cuchilla: 1,4 mm &#8211; 3 puntas<\/li>\n<li>Ancho de corte cuchilla: 300 mm<\/li>\n<li>Alimentaci\u00f3n del Hilo: Semi Autom\u00e1tico<\/li>\n<li>Barra: 28 mm<\/li>\n<li>Dep\u00f3sito: 800ml<\/li>\n<li>Mezcla: 25:1<\/li>\n<li>Peso: 8,8 kg<\/li>\n<\/ul>\n<\/div>\n","protected":false},"featured_media":471,"comment_status":"open","ping_status":"closed","template":"","meta":{"_eb_attr":"","_kad_post_transparent":"default","_kad_post_title":"","_kad_post_layout":"default","_kad_post_sidebar_id":"","_kad_post_content_style":"default","_kad_post_vertical_padding":"default","_kad_post_feature":"","_kad_post_feature_position":"","_kad_post_header":false,"_kad_post_footer":false,"_kad_post_classname":""},"product_brand":[],"product_cat":[17],"product_tag":[],"class_list":{"0":"post-470","1":"product","2":"type-product","3":"status-publish","4":"has-post-thumbnail","6":"product_cat-guadanas","8":"first","9":"instock","10":"shipping-taxable","11":"product-type-simple","12":"entry","13":"content-bg","14":"loop-entry"},"yoast_head":"<!-- This site is optimized with the Yoast SEO plugin v26.3 - https:\/\/yoast.com\/wordpress\/plugins\/seo\/ -->\n<title>Guada\u00f1a - DBC5201TS - Ducati<\/title>\n<meta name=\"robots\" content=\"index, follow, max-snippet:-1, max-image-preview:large, max-video-preview:-1\" \/>\n<link rel=\"canonical\" href=\"https:\/\/ducatigarden.co\/?product=guadana-dbc5201ts\" \/>\n<meta property=\"og:locale\" content=\"es_ES\" \/>\n<meta property=\"og:type\" content=\"article\" \/>\n<meta property=\"og:title\" content=\"Guada\u00f1a - DBC5201TS - Ducati\" \/>\n<meta property=\"og:description\" content=\"Caracter\u00edsticas    Motor: 2 tiempos.  Arranque: Manual  Cilindrada: 51.7cc  Potencia: 1,45 Kw \/ 1,95 CV  hilo: 2,4 mm  Ancho de corte hilo: 420 mm  Cuchilla: 1,4 mm - 3 puntas  Ancho de corte cuchilla: 300 mm  Alimentaci\u00f3n del Hilo: Semi Autom\u00e1tico  Barra: 28 mm  Dep\u00f3sito: 800ml  Mezcla: 25:1  Peso: 8,8 kg\" \/>\n<meta property=\"og:url\" content=\"https:\/\/ducatigarden.co\/?product=guadana-dbc5201ts\" \/>\n<meta property=\"og:site_name\" content=\"Ducati\" \/>\n<meta property=\"article:modified_time\" content=\"2025-12-04T15:13:59+00:00\" \/>\n<meta property=\"og:image\" content=\"https:\/\/ducatigarden.co\/wp-content\/uploads\/2025\/12\/e2bf3b11df0b872112757f1c2fee6e32_M.jpg\" \/>\n\t<meta property=\"og:image:width\" content=\"300\" \/>\n\t<meta property=\"og:image:height\" content=\"390\" \/>\n\t<meta property=\"og:image:type\" content=\"image\/jpeg\" \/>\n<meta name=\"twitter:card\" content=\"summary_large_image\" \/>\n<meta name=\"twitter:label1\" content=\"Tiempo de lectura\" \/>\n\t<meta name=\"twitter:data1\" content=\"1 minuto\" \/>\n<script type=\"application\/ld+json\" class=\"yoast-schema-graph\">{\"@context\":\"https:\/\/schema.org\",\"@graph\":[{\"@type\":\"WebPage\",\"@id\":\"https:\/\/ducatigarden.co\/?product=guadana-dbc5201ts\",\"url\":\"https:\/\/ducatigarden.co\/?product=guadana-dbc5201ts\",\"name\":\"Guada\u00f1a - DBC5201TS - Ducati\",\"isPartOf\":{\"@id\":\"https:\/\/ducatigarden.co\/#website\"},\"primaryImageOfPage\":{\"@id\":\"https:\/\/ducatigarden.co\/?product=guadana-dbc5201ts#primaryimage\"},\"image\":{\"@id\":\"https:\/\/ducatigarden.co\/?product=guadana-dbc5201ts#primaryimage\"},\"thumbnailUrl\":\"https:\/\/ducatigarden.co\/wp-content\/uploads\/2025\/12\/e2bf3b11df0b872112757f1c2fee6e32_M.jpg\",\"datePublished\":\"2025-12-04T15:10:52+00:00\",\"dateModified\":\"2025-12-04T15:13:59+00:00\",\"breadcrumb\":{\"@id\":\"https:\/\/ducatigarden.co\/?product=guadana-dbc5201ts#breadcrumb\"},\"inLanguage\":\"es-CO\",\"potentialAction\":[{\"@type\":\"ReadAction\",\"target\":[\"https:\/\/ducatigarden.co\/?product=guadana-dbc5201ts\"]}]},{\"@type\":\"ImageObject\",\"inLanguage\":\"es-CO\",\"@id\":\"https:\/\/ducatigarden.co\/?product=guadana-dbc5201ts#primaryimage\",\"url\":\"https:\/\/ducatigarden.co\/wp-content\/uploads\/2025\/12\/e2bf3b11df0b872112757f1c2fee6e32_M.jpg\",\"contentUrl\":\"https:\/\/ducatigarden.co\/wp-content\/uploads\/2025\/12\/e2bf3b11df0b872112757f1c2fee6e32_M.jpg\",\"width\":300,\"height\":390},{\"@type\":\"BreadcrumbList\",\"@id\":\"https:\/\/ducatigarden.co\/?product=guadana-dbc5201ts#breadcrumb\",\"itemListElement\":[{\"@type\":\"ListItem\",\"position\":1,\"name\":\"Home\",\"item\":\"https:\/\/ducatigarden.co\/\"},{\"@type\":\"ListItem\",\"position\":2,\"name\":\"Shop\",\"item\":\"https:\/\/ducatigarden.co\/?page_id=24\"},{\"@type\":\"ListItem\",\"position\":3,\"name\":\"Guada\u00f1a &#8211; DBC5201TS\"}]},{\"@type\":\"WebSite\",\"@id\":\"https:\/\/ducatigarden.co\/#website\",\"url\":\"https:\/\/ducatigarden.co\/\",\"name\":\"Ducati\",\"description\":\"\",\"publisher\":{\"@id\":\"https:\/\/ducatigarden.co\/#organization\"},\"potentialAction\":[{\"@type\":\"SearchAction\",\"target\":{\"@type\":\"EntryPoint\",\"urlTemplate\":\"https:\/\/ducatigarden.co\/?s={search_term_string}\"},\"query-input\":{\"@type\":\"PropertyValueSpecification\",\"valueRequired\":true,\"valueName\":\"search_term_string\"}}],\"inLanguage\":\"es-CO\"},{\"@type\":\"Organization\",\"@id\":\"https:\/\/ducatigarden.co\/#organization\",\"name\":\"Ducati\",\"url\":\"https:\/\/ducatigarden.co\/\",\"logo\":{\"@type\":\"ImageObject\",\"inLanguage\":\"es-CO\",\"@id\":\"https:\/\/ducatigarden.co\/#\/schema\/logo\/image\/\",\"url\":\"https:\/\/ducatigarden.co\/wp-content\/uploads\/2025\/11\/logo-dt.png\",\"contentUrl\":\"https:\/\/ducatigarden.co\/wp-content\/uploads\/2025\/11\/logo-dt.png\",\"width\":599,\"height\":162,\"caption\":\"Ducati\"},\"image\":{\"@id\":\"https:\/\/ducatigarden.co\/#\/schema\/logo\/image\/\"}}]}<\/script>\n<!-- \/ Yoast SEO plugin. -->","yoast_head_json":{"title":"Guada\u00f1a - DBC5201TS - Ducati","robots":{"index":"index","follow":"follow","max-snippet":"max-snippet:-1","max-image-preview":"max-image-preview:large","max-video-preview":"max-video-preview:-1"},"canonical":"https:\/\/ducatigarden.co\/?product=guadana-dbc5201ts","og_locale":"es_ES","og_type":"article","og_title":"Guada\u00f1a - DBC5201TS - Ducati","og_description":"Caracter\u00edsticas    Motor: 2 tiempos.  Arranque: Manual  Cilindrada: 51.7cc  Potencia: 1,45 Kw \/ 1,95 CV  hilo: 2,4 mm  Ancho de corte hilo: 420 mm  Cuchilla: 1,4 mm - 3 puntas  Ancho de corte cuchilla: 300 mm  Alimentaci\u00f3n del Hilo: Semi Autom\u00e1tico  Barra: 28 mm  Dep\u00f3sito: 800ml  Mezcla: 25:1  Peso: 8,8 kg","og_url":"https:\/\/ducatigarden.co\/?product=guadana-dbc5201ts","og_site_name":"Ducati","article_modified_time":"2025-12-04T15:13:59+00:00","og_image":[{"width":300,"height":390,"url":"https:\/\/ducatigarden.co\/wp-content\/uploads\/2025\/12\/e2bf3b11df0b872112757f1c2fee6e32_M.jpg","type":"image\/jpeg"}],"twitter_card":"summary_large_image","twitter_misc":{"Tiempo de lectura":"1 minuto"},"schema":{"@context":"https:\/\/schema.org","@graph":[{"@type":"WebPage","@id":"https:\/\/ducatigarden.co\/?product=guadana-dbc5201ts","url":"https:\/\/ducatigarden.co\/?product=guadana-dbc5201ts","name":"Guada\u00f1a - DBC5201TS - Ducati","isPartOf":{"@id":"https:\/\/ducatigarden.co\/#website"},"primaryImageOfPage":{"@id":"https:\/\/ducatigarden.co\/?product=guadana-dbc5201ts#primaryimage"},"image":{"@id":"https:\/\/ducatigarden.co\/?product=guadana-dbc5201ts#primaryimage"},"thumbnailUrl":"https:\/\/ducatigarden.co\/wp-content\/uploads\/2025\/12\/e2bf3b11df0b872112757f1c2fee6e32_M.jpg","datePublished":"2025-12-04T15:10:52+00:00","dateModified":"2025-12-04T15:13:59+00:00","breadcrumb":{"@id":"https:\/\/ducatigarden.co\/?product=guadana-dbc5201ts#breadcrumb"},"inLanguage":"es-CO","potentialAction":[{"@type":"ReadAction","target":["https:\/\/ducatigarden.co\/?product=guadana-dbc5201ts"]}]},{"@type":"ImageObject","inLanguage":"es-CO","@id":"https:\/\/ducatigarden.co\/?product=guadana-dbc5201ts#primaryimage","url":"https:\/\/ducatigarden.co\/wp-content\/uploads\/2025\/12\/e2bf3b11df0b872112757f1c2fee6e32_M.jpg","contentUrl":"https:\/\/ducatigarden.co\/wp-content\/uploads\/2025\/12\/e2bf3b11df0b872112757f1c2fee6e32_M.jpg","width":300,"height":390},{"@type":"BreadcrumbList","@id":"https:\/\/ducatigarden.co\/?product=guadana-dbc5201ts#breadcrumb","itemListElement":[{"@type":"ListItem","position":1,"name":"Home","item":"https:\/\/ducatigarden.co\/"},{"@type":"ListItem","position":2,"name":"Shop","item":"https:\/\/ducatigarden.co\/?page_id=24"},{"@type":"ListItem","position":3,"name":"Guada\u00f1a &#8211; DBC5201TS"}]},{"@type":"WebSite","@id":"https:\/\/ducatigarden.co\/#website","url":"https:\/\/ducatigarden.co\/","name":"Ducati","description":"","publisher":{"@id":"https:\/\/ducatigarden.co\/#organization"},"potentialAction":[{"@type":"SearchAction","target":{"@type":"EntryPoint","urlTemplate":"https:\/\/ducatigarden.co\/?s={search_term_string}"},"query-input":{"@type":"PropertyValueSpecification","valueRequired":true,"valueName":"search_term_string"}}],"inLanguage":"es-CO"},{"@type":"Organization","@id":"https:\/\/ducatigarden.co\/#organization","name":"Ducati","url":"https:\/\/ducatigarden.co\/","logo":{"@type":"ImageObject","inLanguage":"es-CO","@id":"https:\/\/ducatigarden.co\/#\/schema\/logo\/image\/","url":"https:\/\/ducatigarden.co\/wp-content\/uploads\/2025\/11\/logo-dt.png","contentUrl":"https:\/\/ducatigarden.co\/wp-content\/uploads\/2025\/11\/logo-dt.png","width":599,"height":162,"caption":"Ducati"},"image":{"@id":"https:\/\/ducatigarden.co\/#\/schema\/logo\/image\/"}}]}},"_links":{"self":[{"href":"https:\/\/ducatigarden.co\/index.php?rest_route=\/wp\/v2\/product\/470","targetHints":{"allow":["GET"]}}],"collection":[{"href":"https:\/\/ducatigarden.co\/index.php?rest_route=\/wp\/v2\/product"}],"about":[{"href":"https:\/\/ducatigarden.co\/index.php?rest_route=\/wp\/v2\/types\/product"}],"replies":[{"embeddable":true,"href":"https:\/\/ducatigarden.co\/index.php?rest_route=%2Fwp%2Fv2%2Fcomments&post=470"}],"wp:featuredmedia":[{"embeddable":true,"href":"https:\/\/ducatigarden.co\/index.php?rest_route=\/wp\/v2\/media\/471"}],"wp:attachment":[{"href":"https:\/\/ducatigarden.co\/index.php?rest_route=%2Fwp%2Fv2%2Fmedia&parent=470"}],"wp:term":[{"taxonomy":"product_brand","embeddable":true,"href":"https:\/\/ducatigarden.co\/index.php?rest_route=%2Fwp%2Fv2%2Fproduct_brand&post=470"},{"taxonomy":"product_cat","embeddable":true,"href":"https:\/\/ducatigarden.co\/index.php?rest_route=%2Fwp%2Fv2%2Fproduct_cat&post=470"},{"taxonomy":"product_tag","embeddable":true,"href":"https:\/\/ducatigarden.co\/index.php?rest_route=%2Fwp%2Fv2%2Fproduct_tag&post=470"}],"curies":[{"name":"wp","href":"https:\/\/api.w.org\/{rel}","templated":true}]}}